{"id":44,"date":"2023-01-24T21:16:08","date_gmt":"2023-01-24T21:16:08","guid":{"rendered":"https:\/\/csonkart.hu\/?page_id=44"},"modified":"2023-01-28T21:37:41","modified_gmt":"2023-01-28T21:37:41","slug":"home","status":"publish","type":"page","link":"https:\/\/csonkart.hu\/index.php\/language\/hu\/","title":{"rendered":"Kezd\u0151lap"},"content":{"rendered":"\n<p class=\"has-text-align-center has-large-font-size\" style=\"padding-top:0;padding-right:0;padding-bottom:0;padding-left:0\"><strong>Friss Munk\u00e1im<\/strong><\/p>\n\n\n\n<div style=\"height:33px\" aria-hidden=\"true\" class=\"wp-block-spacer\"><\/div>\n\n\n\n<div class=\"is-layout-flex wp-container-5 wp-block-columns is-style-default has-large-font-size\" style=\"padding-top:0;padding-right:0;padding-bottom:0;padding-left:0\">\n<div class=\"is-layout-flow wp-block-column\" style=\"flex-basis:100%\">\n<div class=\"is-layout-flex wp-container-3 wp-block-columns is-not-stacked-on-mobile is-style-default\" style=\"padding-top:0;padding-right:0;padding-bottom:0;padding-left:0\">\n<div class=\"is-layout-flow wp-block-column\" style=\"flex-basis:66.66%\">\n<figure class=\"wp-block-image size-large is-resized is-style-twentytwentyone-image-frame\"><img decoding=\"async\" loading=\"lazy\" src=\"https:\/\/csonkart.hu\/wp-content\/uploads\/2023\/01\/IME-AZ-EMBER-Bartolome\u0301_Esteban_Perez_Murillo_Ecce-Homo-819x1024.jpg\" alt=\"\" class=\"wp-image-107\" width=\"388\" height=\"485\" srcset=\"https:\/\/csonkart.hu\/wp-content\/uploads\/2023\/01\/IME-AZ-EMBER-Bartolome\u0301_Esteban_Perez_Murillo_Ecce-Homo-819x1024.jpg 819w, https:\/\/csonkart.hu\/wp-content\/uploads\/2023\/01\/IME-AZ-EMBER-Bartolome\u0301_Esteban_Perez_Murillo_Ecce-Homo-scaled-600x750.jpg 600w, https:\/\/csonkart.hu\/wp-content\/uploads\/2023\/01\/IME-AZ-EMBER-Bartolome\u0301_Esteban_Perez_Murillo_Ecce-Homo-240x300.jpg 240w, https:\/\/csonkart.hu\/wp-content\/uploads\/2023\/01\/IME-AZ-EMBER-Bartolome\u0301_Esteban_Perez_Murillo_Ecce-Homo-768x960.jpg 768w, https:\/\/csonkart.hu\/wp-content\/uploads\/2023\/01\/IME-AZ-EMBER-Bartolome\u0301_Esteban_Perez_Murillo_Ecce-Homo-1228x1536.jpg 1228w, https:\/\/csonkart.hu\/wp-content\/uploads\/2023\/01\/IME-AZ-EMBER-Bartolome\u0301_Esteban_Perez_Murillo_Ecce-Homo-1638x2048.jpg 1638w, https:\/\/csonkart.hu\/wp-content\/uploads\/2023\/01\/IME-AZ-EMBER-Bartolome\u0301_Esteban_Perez_Murillo_Ecce-Homo-1612x2016.jpg 1612w, https:\/\/csonkart.hu\/wp-content\/uploads\/2023\/01\/IME-AZ-EMBER-Bartolome\u0301_Esteban_Perez_Murillo_Ecce-Homo-1116x1396.jpg 1116w, https:\/\/csonkart.hu\/wp-content\/uploads\/2023\/01\/IME-AZ-EMBER-Bartolome\u0301_Esteban_Perez_Murillo_Ecce-Homo-806x1008.jpg 806w, https:\/\/csonkart.hu\/wp-content\/uploads\/2023\/01\/IME-AZ-EMBER-Bartolome\u0301_Esteban_Perez_Murillo_Ecce-Homo-558x698.jpg 558w, https:\/\/csonkart.hu\/wp-content\/uploads\/2023\/01\/IME-AZ-EMBER-Bartolome\u0301_Esteban_Perez_Murillo_Ecce-Homo-655x819.jpg 655w, https:\/\/csonkart.hu\/wp-content\/uploads\/2023\/01\/IME-AZ-EMBER-Bartolome\u0301_Esteban_Perez_Murillo_Ecce-Homo-scaled.jpg 2047w\" sizes=\"(max-width: 388px) 100vw, 388px\" \/><figcaption class=\"wp-element-caption\">(440 x 540 mm)<\/figcaption><\/figure>\n<\/div>\n\n\n\n<div class=\"is-layout-flow wp-block-column\" style=\"flex-basis:33.33%\">\n<p>\u00cdME AZ EMBER<\/p>\n\n\n\n<p>2019 &#8211; aquarell <\/p>\n\n\n\n<p class=\"has-normal-font-size\">\/Bartolom\u00e9 Esteban Perez Murillo: Ecce Homo (ut\u00e1n)\/<\/p>\n<\/div>\n<\/div>\n<\/div>\n<\/div>\n\n\n\n<div style=\"height:100px\" aria-hidden=\"true\" class=\"wp-block-spacer\"><\/div>\n\n\n\n<div class=\"is-layout-flex wp-container-8 wp-block-columns\">\n<div class=\"is-layout-flow wp-block-column\" style=\"flex-basis:33.33%\">\n<p class=\"has-large-font-size\">KISL\u00c1NY AZ ABLAKBAN<\/p>\n\n\n\n<p class=\"has-large-font-size\">2020 &#8211; aquarell<\/p>\n\n\n\n<p><\/p>\n<\/div>\n\n\n\n<div class=\"is-layout-flow wp-block-column\" style=\"flex-basis:66.66%\">\n<figure class=\"wp-block-image size-large is-style-twentytwentyone-image-frame\"><img decoding=\"async\" loading=\"lazy\" width=\"725\" height=\"1024\" src=\"https:\/\/csonkart.hu\/wp-content\/uploads\/2023\/01\/ablakna\u0301l-725x1024.jpg\" alt=\"\" class=\"wp-image-100\" srcset=\"https:\/\/csonkart.hu\/wp-content\/uploads\/2023\/01\/ablakna\u0301l-725x1024.jpg 725w, https:\/\/csonkart.hu\/wp-content\/uploads\/2023\/01\/ablakna\u0301l-scaled-600x847.jpg 600w, https:\/\/csonkart.hu\/wp-content\/uploads\/2023\/01\/ablakna\u0301l-213x300.jpg 213w, https:\/\/csonkart.hu\/wp-content\/uploads\/2023\/01\/ablakna\u0301l-768x1084.jpg 768w, https:\/\/csonkart.hu\/wp-content\/uploads\/2023\/01\/ablakna\u0301l-1088x1536.jpg 1088w, https:\/\/csonkart.hu\/wp-content\/uploads\/2023\/01\/ablakna\u0301l-1451x2048.jpg 1451w, https:\/\/csonkart.hu\/wp-content\/uploads\/2023\/01\/ablakna\u0301l-1612x2275.jpg 1612w, https:\/\/csonkart.hu\/wp-content\/uploads\/2023\/01\/ablakna\u0301l-1116x1575.jpg 1116w, https:\/\/csonkart.hu\/wp-content\/uploads\/2023\/01\/ablakna\u0301l-806x1138.jpg 806w, https:\/\/csonkart.hu\/wp-content\/uploads\/2023\/01\/ablakna\u0301l-558x788.jpg 558w, https:\/\/csonkart.hu\/wp-content\/uploads\/2023\/01\/ablakna\u0301l-655x925.jpg 655w, https:\/\/csonkart.hu\/wp-content\/uploads\/2023\/01\/ablakna\u0301l-scaled.jpg 1814w\" sizes=\"(max-width: 725px) 100vw, 725px\" \/><figcaption class=\"wp-element-caption\">(440 x 610 mm)<br><br><\/figcaption><\/figure>\n<\/div>\n<\/div>\n\n\n\n<div style=\"height:100px\" aria-hidden=\"true\" class=\"wp-block-spacer\"><\/div>\n\n\n\n<div class=\"is-layout-flex wp-container-11 wp-block-columns is-not-stacked-on-mobile is-style-default\" style=\"padding-top:0;padding-right:0;padding-bottom:0;padding-left:0\">\n<div class=\"is-layout-flow wp-block-column\" style=\"flex-basis:66.66%\">\n<figure class=\"wp-block-image size-large is-style-twentytwentyone-image-frame\"><img decoding=\"async\" loading=\"lazy\" width=\"897\" height=\"1024\" src=\"https:\/\/csonkart.hu\/wp-content\/uploads\/2023\/01\/Citrom-897x1024.jpg\" alt=\"\" class=\"wp-image-92\" srcset=\"https:\/\/csonkart.hu\/wp-content\/uploads\/2023\/01\/Citrom-897x1024.jpg 897w, https:\/\/csonkart.hu\/wp-content\/uploads\/2023\/01\/Citrom-scaled-600x685.jpg 600w, https:\/\/csonkart.hu\/wp-content\/uploads\/2023\/01\/Citrom-263x300.jpg 263w, https:\/\/csonkart.hu\/wp-content\/uploads\/2023\/01\/Citrom-768x877.jpg 768w, https:\/\/csonkart.hu\/wp-content\/uploads\/2023\/01\/Citrom-1346x1536.jpg 1346w, https:\/\/csonkart.hu\/wp-content\/uploads\/2023\/01\/Citrom-1794x2048.jpg 1794w, https:\/\/csonkart.hu\/wp-content\/uploads\/2023\/01\/Citrom-1612x1840.jpg 1612w, https:\/\/csonkart.hu\/wp-content\/uploads\/2023\/01\/Citrom-1116x1274.jpg 1116w, https:\/\/csonkart.hu\/wp-content\/uploads\/2023\/01\/Citrom-806x920.jpg 806w, https:\/\/csonkart.hu\/wp-content\/uploads\/2023\/01\/Citrom-558x637.jpg 558w, https:\/\/csonkart.hu\/wp-content\/uploads\/2023\/01\/Citrom-655x748.jpg 655w\" sizes=\"(max-width: 897px) 100vw, 897px\" \/><figcaption class=\"wp-element-caption\">(450 x 500 mm)<\/figcaption><\/figure>\n<\/div>\n\n\n\n<div class=\"is-layout-flow wp-block-column\" style=\"flex-basis:33.33%\">\n<p class=\"has-large-font-size\">CITROM<\/p>\n\n\n\n<p class=\"has-large-font-size\">2020 &#8211; aquarell <\/p>\n\n\n\n<p><\/p>\n<\/div>\n<\/div>\n\n\n\n<div style=\"height:100px\" aria-hidden=\"true\" class=\"wp-block-spacer\"><\/div>\n\n\n\n<div class=\"is-layout-flex wp-container-14 wp-block-columns\">\n<div class=\"is-layout-flow wp-block-column\" style=\"flex-basis:33.33%\">\n<p class=\"has-large-font-size\">KISL\u00c1NY ALM\u00c1VAL<\/p>\n\n\n\n<p class=\"has-large-font-size\">2019 &#8211; aquarell<\/p>\n\n\n\n<p><\/p>\n<\/div>\n\n\n\n<div class=\"is-layout-flow wp-block-column\" style=\"flex-basis:66.66%\">\n<figure class=\"wp-block-image size-large is-style-twentytwentyone-image-frame\"><img decoding=\"async\" loading=\"lazy\" width=\"725\" height=\"1024\" src=\"https:\/\/csonkart.hu\/wp-content\/uploads\/2023\/01\/kisla\u0301ny-alma\u0301val-3-725x1024.jpg\" alt=\"\" class=\"wp-image-98\" srcset=\"https:\/\/csonkart.hu\/wp-content\/uploads\/2023\/01\/kisla\u0301ny-alma\u0301val-3-725x1024.jpg 725w, https:\/\/csonkart.hu\/wp-content\/uploads\/2023\/01\/kisla\u0301ny-alma\u0301val-3-scaled-600x848.jpg 600w, https:\/\/csonkart.hu\/wp-content\/uploads\/2023\/01\/kisla\u0301ny-alma\u0301val-3-212x300.jpg 212w, https:\/\/csonkart.hu\/wp-content\/uploads\/2023\/01\/kisla\u0301ny-alma\u0301val-3-768x1085.jpg 768w, https:\/\/csonkart.hu\/wp-content\/uploads\/2023\/01\/kisla\u0301ny-alma\u0301val-3-1087x1536.jpg 1087w, https:\/\/csonkart.hu\/wp-content\/uploads\/2023\/01\/kisla\u0301ny-alma\u0301val-3-1449x2048.jpg 1449w, https:\/\/csonkart.hu\/wp-content\/uploads\/2023\/01\/kisla\u0301ny-alma\u0301val-3-1612x2278.jpg 1612w, https:\/\/csonkart.hu\/wp-content\/uploads\/2023\/01\/kisla\u0301ny-alma\u0301val-3-1116x1577.jpg 1116w, https:\/\/csonkart.hu\/wp-content\/uploads\/2023\/01\/kisla\u0301ny-alma\u0301val-3-806x1139.jpg 806w, https:\/\/csonkart.hu\/wp-content\/uploads\/2023\/01\/kisla\u0301ny-alma\u0301val-3-558x788.jpg 558w, https:\/\/csonkart.hu\/wp-content\/uploads\/2023\/01\/kisla\u0301ny-alma\u0301val-3-655x925.jpg 655w, https:\/\/csonkart.hu\/wp-content\/uploads\/2023\/01\/kisla\u0301ny-alma\u0301val-3-scaled.jpg 1812w\" sizes=\"(max-width: 725px) 100vw, 725px\" \/><figcaption class=\"wp-element-caption\">(440 x 625 mm)<br><br><\/figcaption><\/figure>\n<\/div>\n<\/div>\n\n\n\n<div style=\"height:100px\" aria-hidden=\"true\" class=\"wp-block-spacer\"><\/div>\n\n\n\n<div class=\"is-layout-flex wp-container-17 wp-block-columns is-not-stacked-on-mobile is-style-default\" style=\"padding-top:0;padding-right:0;padding-bottom:0;padding-left:0\">\n<div class=\"is-layout-flow wp-block-column\" style=\"flex-basis:66.66%\">\n<figure class=\"wp-block-image size-large is-resized is-style-twentytwentyone-image-frame\"><img decoding=\"async\" loading=\"lazy\" src=\"https:\/\/csonkart.hu\/wp-content\/uploads\/2023\/01\/TESTVE\u0301REK-William-Adolphe_Bouguereau_1825-1905_-_Young_Girl_and_Child_1877-769x1024.jpg\" alt=\"\" class=\"wp-image-102\" width=\"350\" height=\"467\" srcset=\"https:\/\/csonkart.hu\/wp-content\/uploads\/2023\/01\/TESTVE\u0301REK-William-Adolphe_Bouguereau_1825-1905_-_Young_Girl_and_Child_1877-769x1024.jpg 769w, https:\/\/csonkart.hu\/wp-content\/uploads\/2023\/01\/TESTVE\u0301REK-William-Adolphe_Bouguereau_1825-1905_-_Young_Girl_and_Child_1877-scaled-600x799.jpg 600w, https:\/\/csonkart.hu\/wp-content\/uploads\/2023\/01\/TESTVE\u0301REK-William-Adolphe_Bouguereau_1825-1905_-_Young_Girl_and_Child_1877-225x300.jpg 225w, https:\/\/csonkart.hu\/wp-content\/uploads\/2023\/01\/TESTVE\u0301REK-William-Adolphe_Bouguereau_1825-1905_-_Young_Girl_and_Child_1877-768x1023.jpg 768w, https:\/\/csonkart.hu\/wp-content\/uploads\/2023\/01\/TESTVE\u0301REK-William-Adolphe_Bouguereau_1825-1905_-_Young_Girl_and_Child_1877-1153x1536.jpg 1153w, https:\/\/csonkart.hu\/wp-content\/uploads\/2023\/01\/TESTVE\u0301REK-William-Adolphe_Bouguereau_1825-1905_-_Young_Girl_and_Child_1877-1538x2048.jpg 1538w, https:\/\/csonkart.hu\/wp-content\/uploads\/2023\/01\/TESTVE\u0301REK-William-Adolphe_Bouguereau_1825-1905_-_Young_Girl_and_Child_1877-1612x2147.jpg 1612w, https:\/\/csonkart.hu\/wp-content\/uploads\/2023\/01\/TESTVE\u0301REK-William-Adolphe_Bouguereau_1825-1905_-_Young_Girl_and_Child_1877-1116x1486.jpg 1116w, https:\/\/csonkart.hu\/wp-content\/uploads\/2023\/01\/TESTVE\u0301REK-William-Adolphe_Bouguereau_1825-1905_-_Young_Girl_and_Child_1877-806x1073.jpg 806w, https:\/\/csonkart.hu\/wp-content\/uploads\/2023\/01\/TESTVE\u0301REK-William-Adolphe_Bouguereau_1825-1905_-_Young_Girl_and_Child_1877-558x743.jpg 558w, https:\/\/csonkart.hu\/wp-content\/uploads\/2023\/01\/TESTVE\u0301REK-William-Adolphe_Bouguereau_1825-1905_-_Young_Girl_and_Child_1877-655x872.jpg 655w, https:\/\/csonkart.hu\/wp-content\/uploads\/2023\/01\/TESTVE\u0301REK-William-Adolphe_Bouguereau_1825-1905_-_Young_Girl_and_Child_1877-scaled.jpg 1922w\" sizes=\"(max-width: 350px) 100vw, 350px\" \/><figcaption class=\"wp-element-caption\">(440 x 590 mm)<\/figcaption><\/figure>\n<\/div>\n\n\n\n<div class=\"is-layout-flow wp-block-column\" style=\"flex-basis:33.33%\">\n<p class=\"has-large-font-size\">TESTV\u00c9REK<\/p>\n\n\n\n<p class=\"has-large-font-size\">2019 &#8211; aquarell <\/p>\n\n\n\n<p>\/William Adolphe Bouguereau: Young Girl and Child &#8211; UT\u00c1N\/<br><\/p>\n<\/div>\n<\/div>\n\n\n\n<div style=\"height:100px\" aria-hidden=\"true\" class=\"wp-block-spacer\"><\/div>\n\n\n\n<hr class=\"wp-block-separator has-alpha-channel-opacity\"\/>\n\n\n\n<p class=\"has-text-align-center\">A gal\u00e9ria hamarosan \u00faj k\u00e9pekkel b\u0151v\u00fcl. . .<\/p>\n","protected":false},"excerpt":{"rendered":"<p>Friss Munk\u00e1im \u00cdME AZ EMBER 2019 &#8211; aquarell \/Bartolom\u00e9 Esteban Perez Murillo: Ecce Homo (ut\u00e1n)\/ KISL\u00c1NY AZ ABLAKBAN 2020 &#8211; aquarell CITROM 2020 &#8211; aquarell KISL\u00c1NY ALM\u00c1VAL 2019 &#8211; aquarell TESTV\u00c9REK 2019 &#8211; aquarell \/William Adolphe Bouguereau: Young Girl and Child &#8211; UT\u00c1N\/ A gal\u00e9ria hamarosan \u00faj k\u00e9pekkel b\u0151v\u00fcl. . .<\/p>\n","protected":false},"author":1,"featured_media":0,"parent":0,"menu_order":0,"comment_status":"closed","ping_status":"closed","template":"","meta":{"_vp_format_video_url":"","_vp_image_focal_point":[]},"acf":[],"_links":{"self":[{"href":"https:\/\/csonkart.hu\/index.php\/wp-json\/wp\/v2\/pages\/44"}],"collection":[{"href":"https:\/\/csonkart.hu\/index.php\/wp-json\/wp\/v2\/pages"}],"about":[{"href":"https:\/\/csonkart.hu\/index.php\/wp-json\/wp\/v2\/types\/page"}],"author":[{"embeddable":true,"href":"https:\/\/csonkart.hu\/index.php\/wp-json\/wp\/v2\/users\/1"}],"replies":[{"embeddable":true,"href":"https:\/\/csonkart.hu\/index.php\/wp-json\/wp\/v2\/comments?post=44"}],"version-history":[{"count":14,"href":"https:\/\/csonkart.hu\/index.php\/wp-json\/wp\/v2\/pages\/44\/revisions"}],"predecessor-version":[{"id":244,"href":"https:\/\/csonkart.hu\/index.php\/wp-json\/wp\/v2\/pages\/44\/revisions\/244"}],"wp:attachment":[{"href":"https:\/\/csonkart.hu\/index.php\/wp-json\/wp\/v2\/media?parent=44"}],"curies":[{"name":"wp","href":"https:\/\/api.w.org\/{rel}","templated":true}]}}